units digit of 5013?
3
What is the hundreds digit of 532?
5
What is the units digit of 579?
9
What is the units digit of 17465?
5
What is the tens digit of 40677?
7
What is the hundreds digit of 784?
7
What is the tens digit of 118?
1
What is the tens digit of 362?
6
What is the hundreds digit of 4863?
8
What is the hundreds digit of 121?
1
What is the ten thousands digit of 45223?
4
What is the units digit of 56430?
0
What is the tens digit of 10703?
0
What is the ten thousands digit of 69446?
6
What is the units digit of 47763?
3
What is the tens digit of 2326?
2
What is the tens digit of 5976?
7
What is the thousands digit of 58129?
8
What is the hundreds digit of 1284?
2
What is the hundreds digit of 3430?
4
What is the units digit of 9355?
5
What is the thousands digit of 3641?
3
What is the thousands digit of 12689?
2
What is the hundreds digit of 4263?
2
What is the tens digit of 33?
3
What is the tens digit of 414?
1
What is the units digit of 1943?
3
What is the tens digit of 96499?
9
What is the units digit of 287?
7
What is the thousands digit of 1756?
1
What is the hundreds digit of 35628?
6
What is the thousands digit of 15497?
5
What is the tens digit of 9210?
1
What is the units digit of 850?
0
What is the thousands digit of 1509?
1
What is the hundreds digit of 279?
2
What is the tens digit of 1517?
1
What is the units digit of 55?
5
What is the thousands digit of 28148?
8
What is the thousands digit of 19395?
9
What is the hundreds digit of 1440?
4
What is the hundreds digit of 78378?
3
What is the ten thousands digit of 14259?
1
What is the hundreds digit of 1667?
6
What is the units digit of 20907?
7
What is the tens digit of 293?
9
What is the tens digit of 975?
7
What is the ten thousands digit of 139515?
3
What is the units digit of 13263?
3
What is the tens digit of 78675?
7
What is the hundreds digit of 19522?
5
What is the thousands digit of 44421?
4
What is the tens digit of 901?
0
What is the tens digit of 7918?
1
What is the ten thousands digit of 52347?
5
What is the tens digit of 312?
1
What is the hundreds digit of 3063?
0
What is the units digit of 7916?
6
What is the thousands digit of 27306?
7
What is the tens digit of 228?
2
What is the units digit of 243?
3
What is the tens digit of 752?
5
What is the thousands digit of 9326?
9
What is the ten thousands digit of 16620?
1
What is the thousands digit of 19550?
9
What is the units digit of 17693?
3
What is the thousands digit of 6622?
6
What is the tens digit of 1034?
3
What is the thousands digit of 1119?
1
What is the thousands digit of 15149?
5
What is the hundreds digit of 779?
7
What is the units digit of 40870?
0
What is the units digit of 7709?
9
What is the hundreds digit of 660?
6
What is the tens digit of 7778?
7
What is the units digit of 874?
4
What is the ten thousands digit of 37090?
3
What is the tens digit of 538?
3
What is the units digit of 25238?
8
What is the hundreds digit of 4041?
0
What is the tens digit of 26621?
2
What is the tens digit of 163?
6
What is the units digit of 8745?
5
What is the hundred thousands digit of 107229?
1
What is the hundreds digit of 985?
9
What is the tens digit of 22437?
3
What is the thousands digit of 8355?
8
What is the thousands digit of 6068?
6
What is the units digit of 104240?
0
What is the tens digit of 452?
5
What is the ten thousands digit of 12966?
1
What is the hundreds digit of 1484?
4
What is the thousands digit of 9246?
9
What is the tens digit of 6781?
8
What is the tens digit of 18988?
8
What is the hundreds digit of 6832?
8
What is the units digit of 118732?
2
What is the tens digit of 2716?
1
What is the hundreds digit of 2536?
5
What is the tens digit of 23656?
5
What is the units digit of 4387?
7
What is the hundreds digit of 14115?
1
What is the units digit of 6164?
4
What is the thousands digit of 21398?
1
What is the hundreds digit of 1381?
3
What is the thousands digit of 99816?
9
What is the ten thousands digit of 13268?
1
What is the units digit of 1568?
8
What is the tens digit of 605?
0
What is the tens digit of 104752?
5
What is the units digit of 14231?
1
What is the hundreds digit of 4322?
3
What is the thousands digit of 5603?
5
What is the tens digit of 2312?
1
What is the ten thousands digit of 17217?
1
What is the units digit of 1597?
7
What is the hundreds digit of 78448?
4
What is the units digit of 6426?
6
What is the tens digit of 668?
6
What is the thousands digit of 25585?
5
What is the units digit of 1171?
1
What is the tens digit of 1348?
4
What is the thousands digit of 2334?
2
What is the hundreds digit of 1758?
7
What is the hundreds digit of 12657?
6
What is the tens digit of 73023?
2
What is the hundreds digit of 5478?
4
What is the units digit of 1487?
7
What is the hundreds digit of 398?
3
What is the tens digit of 1635?
3
What is the hundreds digit of 738?
7
What is the hundreds digit of 579?
5
What is the thousands digit of 26482?
6
What is the hundreds digit of 3101?
1
What is the thousands digit of 8092?
8
What is the units digit of 1564?
4
What is the tens digit of 4685?
8
What is the tens digit of 142540?
4
What is the ten thousands digit of 16270?
1
What is the units digit of 462?
2
What is the thousands digit of 3674?
3
What is the tens digit of 2345?
4
What is the units digit of 762?
2
What is the units digit of 145461?
1
What is the hundreds digit of 954?
9
What is the units digit of 4596?
6
What is the units digit of 18806?
6
What is the tens digit of 1095?
9
What is the ten thousands digit of 37706?
3
What is the hundreds digit of 109?
1
What is the hundreds digit of 149?
1
What is the tens digit of 55273?
7
What is the tens digit of 10082?
8
What is the units digit of 6634?
4
What is the units digit of 102?
2
What is the ten thousands digit of 17560?
1
What is the hundreds digit of 5551?
5
What is the thousands digit of 7808?
7
What is the units digit of 2642?
2
What is the ten thousands digit of 27865?
2
What is the thousands digit of 1770?
1
What is the hundreds digit of 125060?
0
What is the units digit of 3357?
7
What is the tens digit of 676?
7
What is the hundreds digit of 1173?
1
What is the tens digit of 23741?
4
What is the thousands digit of 40556?
0
What is the ten thousands digit of 10516?
1
What is the units digit of 37511?
1
What is the thousands digit of 1324?
1
What is the units digit of 1808?
8
What is the tens digit of 732?
3
What is the thousands digit of 4815?
4
What is the units digit of 5378?
8
What is the hundreds digit of 99645?
6
What is the tens digit of 2980?
8
What is the ten thousands digit of 24432?
2
What is the tens digit of 1467?
6
What is the tens digit of 375?
7
What is the hundreds digit of 193?
1
What is the ten thousands digit of 15243?
1
What is the tens digit of 51204?
0
What is the tens digit of 1365?
6
What is the hundreds digit of 878?
8
What is the units digit of 2490?
0
What is the thousands digit of 1147?
1
What is the hundreds digit of 2169?
1
What is the units digit of 990?
0
What is the ten thousands digit of 19079?
1
What is the thousands digit of 12854?
2
What is the hundreds digit of 7369?
3
What is the thousands digit of 1303?
1
What is the units digit of 810?
0
What is the units digit of 13?
3
What is the hundreds digit of 1661?
6
What is the thousands digit of 28761?
8
What is the thousands digit of 52052?
2
What is the tens digit of 3347?
4
What is the hundreds digit of 344?
3
What is the hundreds digit of 128554?
5
What is the units digit of 288?
8
What is the hundreds digit of 18524?
5
What is the tens digit of 3790?
9
What is the hundreds digit of 13162?
1
What is the tens digit of 4686?
8
What is the tens digit of 754?
5
What is the tens digit of 1457?
5
What is the units digit of 9707?
7
What is the hundreds digit of 1990?
9
What is the tens digit of 9158?
5
What is the ten thousands digit of 22176?
2
What is the tens digit of 595?
9
What is the hundreds digit of 17971?
9
What is the hundred thousands digit of 168480?
1
What is the hundreds digit of 306?
3
What is the thousands digit of 1463?
1
What is the hundreds digit of 12052?
0
What is the tens digit of 2039?
3
What is the tens digit of 1168?
6
What is the tens digit of 6852?
5
What is the units digit of 5251?
1
What is the uni